. Let u(a) = a**3 + 3*a**2 - 4*a + 1. Give u(i).
1
Let s(h) be the second derivative of h**5/10 - h**4/12 - h**3/3 - h**2/2 + h. Suppose -30 = 5*x - 2*g, 5*x - g + 0*g = -35. Let u = x - -7. Give s(u).
-2
Let v(u) = u + 4. Let p = -94 + 90. What is v(p)?
0
Let h(y) = 0*y**2 + 0 - 1 - y**2 - 9*y**2. Determine h(-1).
-11
Let z(q) be the second derivative of -1/6*q**3 - 1/2*q**2 + 0 + 1/12*q**4 - 5*q. What is z(-2)?
5
Let x(i) = -2 + i**2 - 3 + 7. What is x(-3)?
11
Let a(q) = -q**2 - 10*q - 11. Let y be (6/9)/(20/(-270)). Give a(y).
-2
Let s(o) = 1 - o**3 + 0*o**3 + 2*o + 2*o - o**2. Calculate s(-3).
7
Let y(q) = -q**2 + 16*q + 12. Let c be y(17). Let w(f) = f**2 + 6*f - 2. Calculate w(c).
-7
Let a(q) be the second derivative of q**3/6 - 2*q**2 - 5*q. What is a(-5)?
-9
Let v(j) = -j - 1. Let o be ((-1)/3 - 6/9)*7. What is v(o)?
6
Let v(t) = 2*t. Suppose 2*q + 19 = 5*n, -4*q + 3*q = n - 1. Give v(q).
-4
Let f = -3 + -3. Let p(h) = h**3 - 2 + 8*h**2 + 6*h**2 - 7*h**2 + 7*h. Give p(f).
-8
Let z(x) be the first derivative of x**4/4 + 2*x**3 + 3*x**2 + x + 1. Suppose 5*d - 2 = -22. Give z(d).
9
Let q(n) = n - 3*n - 4 - 5. Let c be q(-6). Let i(g) = 2 - c - 4*g + g. Determine i(2).
-7
Suppose 5*y + 6 = 21. Suppose -y*d - 4 = d. Let m(f) = -4*f + 1. Determine m(d).
5
Suppose -3*b + 6*b - i = -1, -5*b - 3*i - 11 = 0. Let n = -2 + b. Let y(t) be the third derivative of -t**5/60 - t**4/8 - 2*t**3/3 - 2*t**2. Determine y(n).
-4
Let b = 104 - 49. Let a(p) = -2*p + 7 + b*p**2 - 54*p**2 - 5*p. What is a(5)?
-3
Suppose 2*z = -4*w + 2, 0 = -w - 5*z + 6 + 8. Let b(q) = 6*q**2 - q - 1. Calculate b(w).
6
Let k(u) = 11*u + 3. Let a(w) = 23*w + 6. Let r(j) = -6*a(j) + 13*k(j). Let y be ((-12)/(-14))/((-2)/(-14)). Let h be (-3)/2 + (-3)/y. Give r(h).
-7
Let b = 8 - 13. Let p(i) = 10*i**3 + 22*i**2 - 7*i - 25. Let x(l) = -3*l**3 - 7*l**2 + 2*l + 8. Let c(h) = 2*p(h) + 7*x(h). Calculate c(b).
6
Let q(f) = -9*f**2 + 10*f + 8. Let u(a) = 7*a**2 - 10*a - 8. Let n(w) = 3*q(w) + 4*u(w). Calculate n(10).
-8
Let u(a) = 3*a. Suppose -2*m - 3 = -2*h - 7, 0 = m - 5. Calculate u(h).
9
Let s(d) = d**3 - 5*d**2 + 3*d - 5. Let j(a) = -6*a**3 + 26*a**2 - 14*a + 25. Let b(c) = -2*j(c) - 11*s(c). Calculate b(-5).
-20
Let h = 6 - 12. Let a(j) = -j**2 - 7*j + 1. Determine a(h).
7
Suppose 5*q - 1 = 3*h + 2, 3*h - 9 = q. Let b(c) = -c**2 + 4*c + 2. Calculate b(h).
2
Let p(v) be the third derivative of -v**5/60 + v**4/12 + 2*v**3/3 + v**2. Suppose 14*i = 8*i + 24. Calculate p(i).
-4
Let t be (-120)/(-55) - 2/11. Suppose -3*m + t = -2*m. Let g(i) = i**2 - 1. Let a(q) = -7*q**2 - 2*q + 8. Let x(u) = a(u) + 6*g(u). Give x(m).
-6
Let a = 7 - 5. Let g(j) = -8*j**2 - 20*j + 11. Let v(l) = 3*l**2 + 7*l - 4. Let k(n) = -4*g(n) - 11*v(n). Determine k(a).
2
Let s = 10 + -5. Suppose -4*f = -w - 0 - 2, 2*f = s*w - 44. Let q be (-8)/w*(-15)/6. Let p(b) = -2*b**3 + 3*b**2 - b + 2. Calculate p(q).
-4
Let c be 1/3 - 10/(-6). Let t(m) = -m**3 - 7*m**2 - 5*m + 8. Let v be t(-6). Let f(y) = 3*y + y**3 + y**v - 2*y**2 - 4*y. What is f(c)?
2
Let x(u) = -3*u**2 - 2*u - 5. Let a(g) = -g**2 + g - 1. Let o(i) = -2*a(i) + x(i). Calculate o(-2).
1
Suppose -8*m - 15 = -3*m. Let l(x) = -3*x**3 + 6*x**2 - 13*x - 6. Let z(q) = 5*q + q + 5 - 2 - 3*q**2 + q**3 + 0. Let v(r) = -2*l(r) - 5*z(r). Give v(m).
9
Let v(a) = 6*a**2 + 10*a + 1. Suppose 15 = 3*p - 0*p. Let k(i) = 5*i**2 + 9*i + 2. Let w(f) = p*k(f) - 4*v(f). Give w(-5).
6
Let h(s) = -3*s**3 + 18*s**2 - 25*s + 3. Let q(c) = c**3 - 6*c**2 + 8*c - 1. Let i(w) = 2*h(w) + 7*q(w). Calculate i(5).
4
Let y be (-3)/(1/2 + -2). Let f(j) = 4*j - 6. Let b = -4 + 1. Let t(k) = 7*k - 11. Let a(w) = b*t(w) + 5*f(w). Give a(y).
1
Let r(c) = -c**3 + 4*c**2 + 6*c + 1. Let g be r(5). Let w(d) = d**2 - 7*d + 9. Determine w(g).
3
Suppose 6*q = 7*q + 10. Let t = -9 - q. Let j(c) = -7*c**3 - 2*c**2 + c. Give j(t).
-8
Let z(o) be the first derivative of -o**7/840 + o**6/72 + o**5/20 - o**4/3 + 5*o**3/3 + 4. Let t(s) be the third derivative of z(s). Determine t(6).
-8
Let h(z) = z**2 + 2*z - 1. Let i be h(-3). Suppose -i*p + 2*x = -8, p - 3*x = -x + 6. Let a(n) = 2*n**2 - 4 - n**3 + 0*n**p + n + 4*n. Calculate a(3).
2
Let q be (20/6)/(2/12). Suppose -s = 3*s - q. Let a(d) = -2*d. Give a(s).
-10
Suppose -5*z + 15 + 0 = 0. Let v(c) = 17*c**2 + c - z*c + 3*c - 18*c**2. Calculate v(2).
-2
Suppose 0 = m - 0 + 1. Let n(t) be the first derivative of 0*t**3 + 3/2*t**4 + 0*t**2 - 1 + 0*t. Determine n(m).
-6
Suppose -3*l + 6 = -0*l. Let z(g) be the third derivative of 0*g + 0*g**3 + 1/24*g**4 - g**l + 0. Give z(4).
4
Let b(z) be the second derivative of -z**6/720 + z**5/20 + z**4/6 + 2*z. Let o(k) be the third derivative of b(k). Let t = -1 + 5. Calculate o(t).
2
Let b be (-1)/(-2) - 2/(-4). Let a(y) = y**2. Let t(g) = 9*g**2 - 1. Let d(z) = -6*a(z) + t(z). Calculate d(b).
2
Let r(p) = -1 - p**2 - 3 + 4*p + p + 3*p. Give r(8).
-4
Let c be ((-18)/(-4))/((-3)/(-4)). Let r = -4 + c. Let p(k) = 1 + k - r - 10*k. Determine p(-1).
8
Let f be (9/27)/((-1)/(-18)). Let q(l) = -l**2 + 7*l + 7. What is q(f)?
13
Let w(d) = d**3 - 6*d**2 - 7*d + 10. Let o be (-19 - -20)/((-2)/(-14)). Give w(o).
10
Let a(s) be the first derivative of 1/120*s**5 + 2 + 1/24*s**4 - 2/3*s**3 + 0*s**2 + 0*s. Let r(u) be the third derivative of a(u). Determine r(4).
5
Let v(a) = a**3 + 4*a**2 - 8*a - 7. Let z(u) = -u**3 + 7*u**2 + 7*u + 6. Let p be z(8). Let k be ((-2)/4)/(p/(-20)). Give v(k).
8
Suppose -3*j + 3*i = 2*i - 11, 3*j - 3*i - 3 = 0. Let o(r) = -83*r + 79*r + 3*r**3 + 1 - r**3 - 3*r**3 + 6*r**2. What is o(j)?
6
Let l(a) = -a**3 - 6*a**2 - 2*a + 6. Let h = 5 + -10. Determine l(h).
-9
Let a(q) be the second derivative of q**5/20 + q**4/4 + 5*q**2/2 - 29*q. What is a(-4)?
-11
Let v(d) = 1. Let i(m) = m**2 + 3. Suppose -8 = 4*f - 0. Let y(p) = f*v(p) + i(p). What is y(1)?
2
Let z(k) = -k**3 + 7*k**2 - 5*k - 4. Let n be (-84)/(-56) + 1 + (-14)/(-4). Determine z(n).
2
Let a = -1 + 4. Suppose 3*m + 0*m = a*s - 6, 4*m + 10 = 3*s. Let z(k) = -k + 4. What is z(m)?
8
Let q(j) be the first derivative of -j**3/3 + 5*j**2/2 + 2*j + 4. Let f be q(5). Let k(z) = -2*z**3 + 2*z**2 + 2. What is k(f)?
-6
Let i be 4/18 + (-68)/(-18). Suppose a - i*a + 9 = 0. Let g(v) = 2 - v - v + a*v. Give g(0).
2
Suppose -6 = 4*j + 2. Let v(a) = -a**3 + 2*a**2 + 3*a. Let x(t) = -2*t**3 + 3*t**2 + 4*t. Let q(m) = j*x(m) + 3*v(m). Calculate q(-2).
-10
Let s(t) = 2*t**2 + 36*t - 7. Let x be s(-18). Let u(f) = -f**3 - 6*f**2 + 7*f. What is u(x)?
0
Suppose -6 = 5*y - r + 10, -y + 3*r - 6 = 0. Let z(t) = 2*t + 4 - t**3 + 1 - 1 - 12*t**2 + 10*t**2. Give z(y).
7
Let d(l) = -l - 1. Let w be d(-4). Let r = -4 + 8. Let f(q) = -q + 3*q + r + 0 - q. Determine f(w).
7
Let m(s) be the third derivative of s**6/120 + s**5/20 - s**4/4 - s**3 - s**2. Let h = 24 + -22. Let q be -1 - h - 1/1. Determine m(q).
2
Let d = 12 + -7. Let g(p) = p**2 - 7*p + 4. What is g(d)?
-6
Suppose 0 = -0*w + 3*w - 6. Suppose w*n = -3 + 1. Let c(v) = -2*v**3 + v**2 - v - 1. Give c(n).
3
Let a(s) = -s**3 + 5*s**2 - 2*s - 4. Let d be a(4). Let z be d/(-14) + 4/14. Suppose z*n + 6 = -n. Let r(o) = -o**3 - 7*o**2 - 4*o + 6. Determine r(n).
-6
Let n be 4 + -9 + (1 - 1). Let v(p) = -p**3 - 4*p**2 + 4*p - 5. Let f be v(n). Let x(k) = k - 13. Determine x(f).
-13
Let d(a) = 2*a**2 + 2*a - 1. Suppose 0 = -3*j - j + 20. Suppose 4*u = u + 2*q + 16, -15 = 5*u + j*q. Give d(u).
11
Let b(c) be the third derivative of -c**7/280 + c**6/360 - c**3/2 + 2*c**2. Let k(v) be the first derivative of b(v). Suppose -l - 2*l = -3. Give k(l).
-2
Suppose 5*m - 20 = -4*y, y + 0*m + 4*m - 5 = 0. Suppose -y*j - 4 = -4*j. Let f(w) = w**3 + 5*w**2 + 5*w - 3. Determine f(j).
-7
Let g(k) = k**2 - 3*k - 1. Suppose -4 = 4*i + 20. Let q be (1 + 2)*(-8)/i. Calculate g(q).
3
Let l be 6 + -1 - (-1 - -2). Let s = 5 - l. Let v(j) = -8*j**2 + 1. Determine v(s).
-7
Let v(t) = -t**2 - 6*t + 10. Let x be v(-8). Let b = -8 - x. Let u = b - -1. Let r(o) = 2*o - 1. Determine r(u).
-3
Let a be (-7)/(-1*(1 + -2)). Let d(b) = b - 7. Determine d(a).
-14
Let i(b) = b**3 + b**2 - b - 2. Suppose 2*p = -p - 6. Let l be i(p). Let c(y) be the second derivative of y**3/6 - y**2/2 + y. Calculate c(l).
-5
Let r = 22 - 20. Let u(y) be the second derivative of -